13, what is -764 + -38?
-79c
In base 5, what is -111424 + 31?
-111343
In base 13, what is 23 - 103c8?
-103a5
In base 7, what is 1425235 + -4?
1425231
In base 4, what is -122111112 + 10?
-122111102
In base 6, what is 45 - 5550?
-5501
In base 9, what is -6 - -2827?
2821
In base 5, what is -3 - -314333?
314330
In base 10, what is 39 + 17289?
17328
In base 7, what is -24 - -144333?
144306
In base 9, what is 83763 - 0?
83763
In base 3, what is 1022 + 10101110?
10102202
In base 4, what is 2103 - 10023003?
-10020300
In base 14, what is 1304 + -10?
12d4
In base 13, what is 1 + 2147a?
2147b
In base 14, what is a4a - -28d?
cd9
In base 7, what is 136422 + 2?
136424
In base 8, what is 2531 + 75?
2626
In base 3, what is -2 - 1022110100?
-1022110102
In base 4, what is -11021113033 + 10?
-11021113023
In base 4, what is 2311013 + -3?
2311010
In base 13, what is -202 - -22a?
28
In base 7, what is 5 + -1145241?
-1145233
In base 15, what is 9a7c - -8?
9a85
In base 9, what is -186 - 2140?
-2336
In base 11, what is -46634 - -4?
-46630
In base 9, what is -170 - 37?
-217
In base 12, what is 0 - -722007?
722007
In base 2, what is 101 + -111101100010001011?
-111101100010000110
In base 5, what is 0 - 4043?
-4043
In base 5, what is -121432 + 12?
-121420
In base 3, what is -11 + -222221011?
-222221022
In base 16, what is -2 + -a2d47?
-a2d49
In base 9, what is -10 - 83730?
-83740
In base 7, what is 31 - 2325?
-2264
In base 2, what is -1100010101 + 110010?
-1011100011
In base 12, what is -11 + 7566?
7555
In base 3, what is -112011 + -1010?
-120021
In base 6, what is 5 + -210504?
-210455
In base 13, what is 2 + -15a781?
-15a77c
In base 16, what is -162fa - 2?
-162fc
In base 15, what is 30a + -1c?
2dd
In base 2, what is 110 - -10000110001010001?
10000110001010111
In base 16, what is db + -1b?
c0
In base 9, what is 2 - -182714?
182716
In base 10, what is -290151 + -5?
-290156
In base 8, what is 45 + 21021?
21066
In base 9, what is 1472 + 7106?
8578
In base 7, what is -15566 + -35?
-15634
In base 6, what is 13144001 + -1?
13144000
In base 4, what is 2123120 - -11?
2123131
In base 15, what is -8c + 1e?
-6d
In base 13, what is c + a18?
a27
In base 3, what is -122100212 - 101?
-122101020
In base 7, what is -6603 + 15?
-6555
In base 5, what is -20134 - -1100?
-14034
In base 14, what is 12338 + 1?
12339
In base 7, what is 40 + 1104?
1144
In base 9, what is 1 + -287676?
-287675
In base 9, what is -1703 - 2?
-1705
In base 8, what is 70567 - -4?
70573
In base 7, what is 140012 - -1?
140013
In base 15, what is a6454 - 0?
a6454
In base 5, what is 121 + -1132341?
-1132220
In base 16, what is 330 - -183?
4b3
In base 7, what is 1 + 56223?
56224
In base 4, what is 121302 + -332?
120310
In base 7, what is 6642433 - -2?
6642435
In base 15, what is -1797c - -1d?
-1795e
In base 5, what is 3 - 3100?
-3042
In base 2, what is 10011011011011000 - 110?
10011011011010010
In base 3, what is -10 - -100110122?
100110112
In base 12, what is 13 + -1331?
-131a
In base 4, what is -1210112 - -1321?
-1202131
In base 5, what is -3 + -10412442?
-10413000
In base 16, what is d1 + -37c?
-2ab
In base 7, what is 4401 + -1065?
3303
In base 12, what is 1 - 194?
-193
In base 4, what is -110213010 - -1030?
-110211320
In base 15, what is 2cec68 - -2?
2cec6a
In base 5, what is -1004214244 - -1?
-1004214243
In base 11, what is 5 + 166221?
166226
In base 5, what is -10 + 24022113?
24022103
In base 8, what is 101 - 205?
-104
In base 14, what is 1492 - 102?
1390
In base 14, what is -1 - c4c0?
-c4c1
In base 14, what is -2878 - -6b?
-280b
In base 16, what is 0 - -770?
770
In base 6, what is -43 + 11133?
11050
In base 9, what is 2118 - -124?
2243
In base 14, what is 1 + -40d5?
-40d4
In base 16, what is 265c4 - -2?
265c6
In base 9, what is -88 + 1108?
1010
In base 11, what is 1 + -41669?
-41668
In base 13, what is 28c43b + -3?
28c438
In base 13, what is -b5 - 92c?
-a14
In base 12, what is -10 - 1b50?
-1b60
In base 2, what is 100101001 + -1110101010?
-1010000001
In base 8, what is 2677 - -4376?
7275
In base 15, what is -53 - 642?
-695
In base 16, what is 36951 - -16?
36967
In base 12, what is -12337 - -5?
-12332
In base 8, what is -4061 + 35?
-4024
In base 11, what is 75 + -2496?
-2421
In base 10, what is 20 + 3090?
3110
In base 15, what is 29 - -b?
35
In base 7, what is 620563 - 21?
620542
In base 5, what is -2323 - -3442?
1114
In base 8, what is -5022 + -315?
-5337
In base 14, what is 1 + 79722?
79723
In base 10, what is -124 - -1?
-123
In base 13, what is 1a9 + 28ac?
2a88
In base 9, what is 238 + -335?
-86
In base 8, what is -611 - -6?
-603
In base 13, what is -2c082 - 4?
-2c086
In base 6, what is -3051452 - -3?
-3051445
In base 12, what is -295 + -22?
-2b7
In base 2, what is -11000101000111011011000 - 11?
-11000101000111011011011
In base 8, what is 4101 + -22?
4057
In base 11, what is 7 - -a9910?
a9917
In base 13, what is -2 - -6141?
613c
In base 12, what is 6173 - -3b?
61b2
In base 12, what is 691b + -14?
6907
In base 3, what is 1001100212 - 21?
1001100121
In base 13, what is -3 - -1b7cc3?
1b7cc0
In base 12, what is 105 + -5035?
-4b30
In base 3, what is -100022 + 110002?
2210
In base 14, what is 800 - -3cb?
bcb
In base 8, what is -1 - -60442?
60441
In base 8, what is 6 + 650742?
650750
In base 13, what is 81cc + 1?
8200
In base 2, what is 10101011011000 + -1011?
10101011001101
In base 15, what is b - -3c99?
3ca5
In base 15, what is 4e4 - 8?
4db
In base 6, what is -2 + -1022022?
-1022024
In base 16, what is -c5 - 2a6?
-36b
In base 3, what is 111011002 + -100?
111010202
In base 14, what is 21 - -3c2?
403
In base 4, what is 3013122 + -1000?
3012122
In base 15, what is -a650c4 + -5?
-a650c9
In base 7, what is -341 + 252?
-56
In base 16, what is -6e8 - 4c?
-734
In base 13, what is -49 + -2?
-4b
In base 7, what is 21 - -314?
335
In base 11, what is -1168 - -3a1?
-877
In base 12, what is 214 - 3b?
195
In base 9, what is -36544 - -17?
-36526
In base 3, what is -1021120 + -202021?
-2000211
In base 14, what is 23813 - -8?
2381b
In base 3, what is -100022212010 - 2?
-100022212012
In base 11, what is -8464 + 0?
-8464
In base 13, what is 3 + -7c71?
-7c6b
In base 13, what is -8158 + -2?
-815a
In base 8, what is -777 - 170?
-1167
In base 12, what is -361a - -697?
-2b43
In base 14, what is 280bb - 5?
280b6
In base 12, what is -56114 - -1?
-56113
In base 14, what is 20c4 + -2?
20c2
In base 6, what is 5 + 1035003?
1035012
In base 3, what is -1012001 + 1120?
-1010111
In base 16, what is -10 - 2aa45?
-2aa55
In base 6, what is 2 - 35401?
-35355
In base 16, what is -7 - 221a?
-2221
In base 5, what is 132340 + -2?
132333
In base 15, what is 47 - 82a?
-7d3
In base 2, what is -1000110000000001010 - 10?
-1000110000000001100
In base 7, what is 34 - -124654?
125021
In base 12, what is -2030b6 + 1?
-2030b5
In base 13, what is 25 + 2c00?
2c25
In base 7, what is -61 + 25566?
25505
In base 8, what is -6 - -15?
7
In base 14, what is -c68 - -17?
-c51
In base 8, what is 37260 + -60?
37200
In base 13, what is 12c + -11a3?
-1074
In base 12, what is -7044 - -4?
-7040
In base 3, what is 1121202 - -10122?
1202101
In base 12, what is -4 + 406aa?
406a6
In base 13, what is 73 + 2bc?
362
In base 9, what is -27132 - -3?
-27128
In base 11, what is 146 + -15774?
-15629
In base 13, what is -6ac84 - 1?
-6ac85
In base 5, what is -3 + -1233130?
-1233133
In base 5, what is 4142 + -211?
3431
In base 2, what is -11101011 - -1100000?
-10001011
In base 10, what is 988 + -345?
643
In base 3, what is 100111 - -101200?
202011
In base 11, what is -66 - -291?
226
In base 14, what is 54 + -6d75?
-6d21
In base 12, what is -37 + -996?
-a11
In base 14, what is 17 - 3b2?
-399
In base 6, what is -32422 - 110?
-32532
In base 14, what is 419b7 + 4?
419bb
In base 2, what is 11101 - 101111001?
-101011100
In base 10, what is 3235 - 32?
3203
In base 4, what is -1201300301 + 10?
-1201300231
In base 4, what is 3002012 - -2033?
3010111
In base 13, what is -1344ab - -3?
-1344a8
In base 10, what is 208 - 13813?
-13605
In base 15, what is 19 - -62d?
647
In base 15, what is -7 - 35c8?
-35d0
In base 4, what is -11 - 3111033121?
-3111033132
In base 12, what is -4 + -a7849?
-a7851
In base 11, what is -158 - 852?
-9aa
In base 5, what is -342420 + -2?
-342422
In base 16, what is 37 + 1b?
52
In base 4, w